Last updated on 2025-07-23 20:51:02 CEST.
Flavor | Version | Tinstall | Tcheck | Ttotal | Status | Flags |
---|---|---|---|---|---|---|
r-devel-linux-x86_64-debian-clang | 0.0.2 | 13.16 | 375.00 | 388.16 | OK | |
r-devel-linux-x86_64-debian-gcc | 0.0.2 | 8.79 | 264.91 | 273.70 | OK | |
r-devel-linux-x86_64-fedora-clang | 0.0.2 | 704.50 | OK | |||
r-devel-linux-x86_64-fedora-gcc | 0.0.2 | 692.41 | OK | |||
r-devel-windows-x86_64 | 0.0.2 | 16.00 | 417.00 | 433.00 | OK | |
r-patched-linux-x86_64 | 0.0.2 | 14.03 | 363.52 | 377.55 | OK | |
r-release-linux-x86_64 | 0.0.2 | 12.90 | 351.86 | 364.76 | OK | |
r-release-macos-arm64 | 0.0.2 | 212.00 | OK | |||
r-release-macos-x86_64 | 0.0.2 | 447.00 | OK | |||
r-release-windows-x86_64 | 0.0.2 | 15.00 | 426.00 | 441.00 | OK | |
r-oldrel-macos-arm64 | 0.0.2 | 193.00 | NOTE | |||
r-oldrel-macos-x86_64 | 0.0.2 | 390.00 | NOTE | |||
r-oldrel-windows-x86_64 | 0.0.2 | 21.00 | 601.00 | 622.00 | NOTE |
Version: 0.0.2
Check: installed package size
Result: NOTE
installed size is 7.5Mb
sub-directories of 1Mb or more:
data 2.3Mb
doc 2.4Mb
Flavors: r-oldrel-macos-arm64, r-oldrel-macos-x86_64, r-oldrel-windows-x86_64