CRAN Package Check Results for Package wyz.code.offensiveProgramming

Last updated on 2025-07-27 08:48:46 CEST.

Flavor Version Tinstall Tcheck Ttotal Status Flags
r-devel-linux-x86_64-debian-clang 1.1.24 6.88 72.01 78.89 NOTE
r-devel-linux-x86_64-debian-gcc 1.1.24 4.51 50.01 54.52 NOTE
r-devel-linux-x86_64-fedora-clang 1.1.24 118.96 OK
r-devel-linux-x86_64-fedora-gcc 1.1.24 155.34 OK
r-devel-windows-x86_64 1.1.24 9.00 110.00 119.00 OK
r-patched-linux-x86_64 1.1.24 6.50 65.79 72.29 OK
r-release-linux-x86_64 1.1.24 6.02 65.86 71.88 OK
r-release-macos-arm64 1.1.24 58.00 OK
r-release-macos-x86_64 1.1.24 122.00 OK
r-release-windows-x86_64 1.1.24 9.00 95.00 104.00 OK
r-oldrel-macos-arm64 1.1.24 55.00 OK
r-oldrel-macos-x86_64 1.1.24 87.00 OK
r-oldrel-windows-x86_64 1.1.24 10.00 114.00 124.00 OK

Check Details

Version: 1.1.24
Check: CRAN incoming feasibility
Result: NOTE Maintainer: ‘Fabien Gelineau <neonira@gmail.com>’ No Authors@R field in DESCRIPTION. Please add one, modifying Authors@R: person(given = "Fabien", family = "Gelineau", role = c("aut", "cre"), email = "neonira@gmail.com") as necessary. Flavors: r-devel-linux-x86_64-debian-clang, r-devel-linux-x86_64-debian-gcc