Last updated on 2025-07-25 08:50:07 CEST.
Flavor | Version | Tinstall | Tcheck | Ttotal | Status | Flags |
---|---|---|---|---|---|---|
r-devel-linux-x86_64-debian-clang | 0.1.0 | 7.02 | 63.23 | 70.25 | OK | |
r-devel-linux-x86_64-debian-gcc | 0.1.0 | 4.94 | 45.90 | 50.84 | OK | |
r-devel-linux-x86_64-fedora-clang | 0.1.0 | 112.33 | OK | |||
r-devel-linux-x86_64-fedora-gcc | 0.1.0 | 125.29 | OK | |||
r-devel-windows-x86_64 | 0.1.0 | 11.00 | 77.00 | 88.00 | OK | |
r-patched-linux-x86_64 | 0.1.0 | 5.89 | 59.90 | 65.79 | OK | |
r-release-linux-x86_64 | 0.1.0 | 6.44 | 58.28 | 64.72 | OK | |
r-release-macos-arm64 | 0.1.0 | 46.00 | OK | |||
r-release-macos-x86_64 | 0.1.0 | 81.00 | OK | |||
r-release-windows-x86_64 | 0.1.0 | 9.00 | 77.00 | 86.00 | OK | |
r-oldrel-macos-arm64 | 0.1.0 | 49.00 | NOTE | |||
r-oldrel-macos-x86_64 | 0.1.0 | 82.00 | NOTE | |||
r-oldrel-windows-x86_64 | 0.1.0 | 10.00 | 95.00 | 105.00 | NOTE |
Version: 0.1.0
Check: installed package size
Result: NOTE
installed size is 6.4Mb
sub-directories of 1Mb or more:
dist 3.5Mb
doc 2.1Mb
Flavors: r-oldrel-macos-arm64, r-oldrel-macos-x86_64, r-oldrel-windows-x86_64