CRAN Package Check Results for Package visTree

Last updated on 2025-07-27 08:48:46 CEST.

Flavor Version Tinstall Tcheck Ttotal Status Flags
r-devel-linux-x86_64-debian-clang 0.8.1 6.51 79.33 85.84 OK
r-devel-linux-x86_64-debian-gcc 0.8.1 4.60 61.27 65.87 OK
r-devel-linux-x86_64-fedora-clang 0.8.1 135.44 NOTE
r-devel-linux-x86_64-fedora-gcc 0.8.1 138.95 NOTE
r-devel-windows-x86_64 0.8.1 8.00 86.00 94.00 OK
r-patched-linux-x86_64 0.8.1 6.45 76.71 83.16 OK
r-release-linux-x86_64 0.8.1 6.41 76.44 82.85 OK
r-release-macos-arm64 0.8.1 52.00 OK
r-release-macos-x86_64 0.8.1 92.00 OK
r-release-windows-x86_64 0.8.1 8.00 86.00 94.00 OK
r-oldrel-macos-arm64 0.8.1 42.00 OK
r-oldrel-macos-x86_64 0.8.1 66.00 OK
r-oldrel-windows-x86_64 0.8.1 10.00 107.00 117.00 OK

Check Details

Version: 0.8.1
Check: dependencies in R code
Result: NOTE Namespace in Imports field not imported from: ‘rpart’ All declared Imports should be used. Flavors: r-devel-linux-x86_64-fedora-clang, r-devel-linux-x86_64-fedora-gcc