CRAN Package Check Results for Package unglue

Last updated on 2025-07-27 08:48:45 CEST.

Flavor Version Tinstall Tcheck Ttotal Status Flags
r-devel-linux-x86_64-debian-clang 0.1.0 2.06 22.37 24.43 OK
r-devel-linux-x86_64-debian-gcc 0.1.0 1.50 18.25 19.75 OK
r-devel-linux-x86_64-fedora-clang 0.1.0 37.52 OK
r-devel-linux-x86_64-fedora-gcc 0.1.0 48.18 OK
r-devel-windows-x86_64 0.1.0 3.00 50.00 53.00 OK
r-patched-linux-x86_64 0.1.0 1.81 19.92 21.73 OK
r-release-linux-x86_64 0.1.0 1.72 19.92 21.64 OK
r-release-macos-arm64 0.1.0 28.00 OK
r-release-macos-x86_64 0.1.0 43.00 OK
r-release-windows-x86_64 0.1.0 4.00 42.00 46.00 OK
r-oldrel-macos-arm64 0.1.0 20.00 NOTE
r-oldrel-macos-x86_64 0.1.0 32.00 NOTE
r-oldrel-windows-x86_64 0.1.0 4.00 47.00 51.00 NOTE

Check Details

Version: 0.1.0
Check: LazyData
Result: NOTE 'LazyData' is specified without a 'data' directory Flavors: r-oldrel-macos-arm64, r-oldrel-macos-x86_64, r-oldrel-windows-x86_64