Last updated on 2025-07-26 19:50:09 CEST.
Flavor | Version | Tinstall | Tcheck | Ttotal | Status | Flags |
---|---|---|---|---|---|---|
r-devel-linux-x86_64-debian-clang | 0.1.1 | 3.69 | 90.37 | 94.06 | NOTE | |
r-devel-linux-x86_64-debian-gcc | 0.1.1 | 3.48 | 63.95 | 67.43 | NOTE | |
r-devel-linux-x86_64-fedora-clang | 0.1.1 | 160.80 | OK | |||
r-devel-linux-x86_64-fedora-gcc | 0.1.1 | 173.08 | OK | |||
r-devel-windows-x86_64 | 0.1.1 | 5.00 | 179.00 | 184.00 | OK | |
r-patched-linux-x86_64 | 0.1.1 | 4.03 | 88.80 | 92.83 | OK | |
r-release-linux-x86_64 | 0.1.1 | 3.87 | 88.15 | 92.02 | OK | |
r-release-macos-arm64 | 0.1.1 | 82.00 | OK | |||
r-release-macos-x86_64 | 0.1.1 | 130.00 | OK | |||
r-release-windows-x86_64 | 0.1.1 | 5.00 | 173.00 | 178.00 | OK | |
r-oldrel-macos-arm64 | 0.1.1 | 76.00 | OK | |||
r-oldrel-macos-x86_64 | 0.1.1 | 98.00 | OK | |||
r-oldrel-windows-x86_64 | 0.1.1 | 6.00 | 175.00 | 181.00 | OK |
Version: 0.1.1
Check: CRAN incoming feasibility
Result: NOTE
Maintainer: ‘Doug Friedman <doug.nhp@gmail.com>’
The Description field contains
<arXiv:1206.4631v1>.
Please refer to arXiv e-prints via their arXiv DOI <doi:10.48550/arXiv.YYMM.NNNNN>.
Flavors: r-devel-linux-x86_64-debian-clang, r-devel-linux-x86_64-debian-gcc