CRAN Package Check Results for Package tinyspotifyr

Last updated on 2025-07-26 19:50:09 CEST.

Flavor Version Tinstall Tcheck Ttotal Status Flags
r-devel-linux-x86_64-debian-clang 0.2.2 2.68 30.74 33.42 OK
r-devel-linux-x86_64-debian-gcc 0.2.2 2.07 24.30 26.37 OK
r-devel-linux-x86_64-fedora-clang 0.2.2 49.18 OK
r-devel-linux-x86_64-fedora-gcc 0.2.2 47.07 OK
r-devel-windows-x86_64 0.2.2 4.00 71.00 75.00 OK
r-patched-linux-x86_64 0.2.2 4.38 27.74 32.12 OK
r-release-linux-x86_64 0.2.2 2.71 27.68 30.39 OK
r-release-macos-arm64 0.2.2 26.00 OK
r-release-macos-x86_64 0.2.2 34.00 OK
r-release-windows-x86_64 0.2.2 6.00 60.00 66.00 OK
r-oldrel-macos-arm64 0.2.2 18.00 NOTE
r-oldrel-macos-x86_64 0.2.2 29.00 NOTE
r-oldrel-windows-x86_64 0.2.2 6.00 64.00 70.00 NOTE

Check Details

Version: 0.2.2
Check: LazyData
Result: NOTE 'LazyData' is specified without a 'data' directory Flavors: r-oldrel-macos-arm64, r-oldrel-macos-x86_64, r-oldrel-windows-x86_64