CRAN Package Check Results for Package tfarima

Last updated on 2025-07-27 20:50:14 CEST.

Flavor Version Tinstall Tcheck Ttotal Status Flags
r-devel-linux-x86_64-debian-clang 0.3.2 132.45 61.80 194.25 NOTE
r-devel-linux-x86_64-debian-gcc 0.3.2 89.05 43.66 132.71 NOTE
r-devel-linux-x86_64-fedora-clang 0.3.2 381.09 NOTE
r-devel-linux-x86_64-fedora-gcc 0.3.2 325.05 NOTE
r-devel-windows-x86_64 0.3.2 154.00 128.00 282.00 NOTE
r-patched-linux-x86_64 0.3.2 132.78 58.24 191.02 NOTE
r-release-linux-x86_64 0.3.2 125.49 58.14 183.63 NOTE
r-release-macos-arm64 0.3.2 88.00 NOTE
r-release-macos-x86_64 0.3.2 107.00 NOTE
r-release-windows-x86_64 0.3.2 152.00 111.00 263.00 NOTE
r-oldrel-macos-arm64 0.3.2 76.00 NOTE
r-oldrel-macos-x86_64 0.3.2 92.00 NOTE
r-oldrel-windows-x86_64 0.3.2 184.00 136.00 320.00 NOTE

Check Details

Version: 0.3.2
Check: C++ specification
Result: NOTE Specified C++11: please drop specification unless essential Flavors: r-devel-linux-x86_64-debian-clang, r-devel-linux-x86_64-debian-gcc, r-devel-linux-x86_64-fedora-clang, r-devel-linux-x86_64-fedora-gcc, r-devel-windows-x86_64, r-patched-linux-x86_64, r-release-linux-x86_64, r-release-macos-arm64, r-release-macos-x86_64, r-release-windows-x86_64, r-oldrel-macos-arm64, r-oldrel-macos-x86_64, r-oldrel-windows-x86_64

Version: 0.3.2
Check: installed package size
Result: NOTE installed size is 6.9Mb sub-directories of 1Mb or more: libs 6.1Mb Flavors: r-oldrel-macos-arm64, r-oldrel-macos-x86_64