Last updated on 2025-07-25 08:50:05 CEST.
Flavor | Version | Tinstall | Tcheck | Ttotal | Status | Flags |
---|---|---|---|---|---|---|
r-devel-linux-x86_64-debian-clang | 0.1.0 | 7.67 | 72.31 | 79.98 | NOTE | |
r-devel-linux-x86_64-debian-gcc | 0.1.0 | 5.36 | 52.69 | 58.05 | NOTE | |
r-devel-linux-x86_64-fedora-clang | 0.1.0 | 122.30 | NOTE | |||
r-devel-linux-x86_64-fedora-gcc | 0.1.0 | 116.90 | NOTE | |||
r-devel-windows-x86_64 | 0.1.0 | 9.00 | 87.00 | 96.00 | NOTE | |
r-patched-linux-x86_64 | 0.1.0 | 7.22 | 67.42 | 74.64 | NOTE | |
r-release-linux-x86_64 | 0.1.0 | 7.04 | 68.09 | 75.13 | NOTE | |
r-release-macos-arm64 | 0.1.0 | 42.00 | NOTE | |||
r-release-macos-x86_64 | 0.1.0 | 78.00 | NOTE | |||
r-release-windows-x86_64 | 0.1.0 | 8.00 | 90.00 | 98.00 | NOTE | |
r-oldrel-macos-arm64 | 0.1.0 | 42.00 | NOTE | |||
r-oldrel-macos-x86_64 | 0.1.0 | 55.00 | NOTE | |||
r-oldrel-windows-x86_64 | 0.1.0 | 12.00 | 105.00 | 117.00 | NOTE |
Version: 0.1.0
Check: Rd files
Result: NOTE
checkRd: (-1) eff_n.Rd:32: Lost braces; missing escapes or markup?
32 | \code{\link[survey:surveysummary]{survey::svymean()}} and related functions from the {survey}
| ^
Flavors: r-devel-linux-x86_64-debian-clang, r-devel-linux-x86_64-debian-gcc, r-devel-linux-x86_64-fedora-clang, r-devel-linux-x86_64-fedora-gcc, r-devel-windows-x86_64, r-patched-linux-x86_64, r-release-linux-x86_64, r-release-macos-arm64, r-release-macos-x86_64, r-release-windows-x86_64, r-oldrel-macos-arm64, r-oldrel-macos-x86_64, r-oldrel-windows-x86_64