Last updated on 2025-07-27 20:50:14 CEST.
Flavor | Version | Tinstall | Tcheck | Ttotal | Status | Flags |
---|---|---|---|---|---|---|
r-devel-linux-x86_64-debian-clang | 0.9-45 | 4.03 | 36.63 | 40.66 | NOTE | |
r-devel-linux-x86_64-debian-gcc | 0.9-45 | 4.37 | 35.77 | 40.14 | NOTE | |
r-devel-linux-x86_64-fedora-clang | 0.9-45 | 61.86 | OK | |||
r-devel-linux-x86_64-fedora-gcc | 0.9-45 | 61.98 | OK | |||
r-devel-windows-x86_64 | 0.9-45 | 5.00 | 62.00 | 67.00 | OK | |
r-patched-linux-x86_64 | 0.9-45 | 4.47 | 29.64 | 34.11 | OK | |
r-release-linux-x86_64 | 0.9-45 | 4.02 | 29.59 | 33.61 | OK | |
r-release-macos-arm64 | 0.9-45 | 31.00 | OK | |||
r-release-macos-x86_64 | 0.9-45 | 37.00 | OK | |||
r-release-windows-x86_64 | 0.9-45 | 5.00 | 51.00 | 56.00 | OK | |
r-oldrel-macos-arm64 | 0.9-45 | 22.00 | OK | |||
r-oldrel-macos-x86_64 | 0.9-45 | 30.00 | OK | |||
r-oldrel-windows-x86_64 | 0.9-45 | 4.00 | 56.00 | 60.00 | OK |
Version: 0.9-45
Check: CRAN incoming feasibility
Result: NOTE
Maintainer: ‘Philippe Grosjean <phgrosjean@sciviews.org>’
Package CITATION file contains call(s) to old-style personList() or
as.personList(). Please use c() on person objects instead.
Package CITATION file contains call(s) to old-style citEntry(). Please
use bibentry() instead.
Flavors: r-devel-linux-x86_64-debian-clang, r-devel-linux-x86_64-debian-gcc