Last updated on 2025-07-26 08:49:40 CEST.
Flavor | Version | Tinstall | Tcheck | Ttotal | Status | Flags |
---|---|---|---|---|---|---|
r-devel-linux-x86_64-debian-clang | 1.1.1 | 103.80 | 150.58 | 254.38 | OK | |
r-devel-linux-x86_64-debian-gcc | 1.1.1 | 73.54 | 106.51 | 180.05 | OK | |
r-devel-linux-x86_64-fedora-clang | 1.1.1 | 419.90 | OK | |||
r-devel-linux-x86_64-fedora-gcc | 1.1.1 | 370.90 | OK | |||
r-devel-windows-x86_64 | 1.1.1 | 135.00 | 173.00 | 308.00 | OK | |
r-patched-linux-x86_64 | 1.1.1 | 100.78 | 143.41 | 244.19 | OK | |
r-release-linux-x86_64 | 1.1.1 | 101.33 | 142.47 | 243.80 | OK | |
r-release-macos-arm64 | 1.1.1 | 78.00 | OK | |||
r-release-macos-x86_64 | 1.1.1 | 141.00 | OK | |||
r-release-windows-x86_64 | 1.1.1 | 137.00 | 169.00 | 306.00 | OK | |
r-oldrel-macos-arm64 | 1.1.1 | 108.00 | NOTE | |||
r-oldrel-macos-x86_64 | 1.1.1 | 177.00 | NOTE | |||
r-oldrel-windows-x86_64 | 1.1.1 | 156.00 | 220.00 | 376.00 | NOTE |
Version: 1.1.1
Check: package dependencies
Result: NOTE
Package suggested but not available for checking: ‘gurobi’
Flavors: r-oldrel-macos-arm64, r-oldrel-macos-x86_64, r-oldrel-windows-x86_64
Version: 1.1.1
Check: installed package size
Result: NOTE
installed size is 9.8Mb
sub-directories of 1Mb or more:
libs 8.9Mb
Flavors: r-oldrel-macos-arm64, r-oldrel-macos-x86_64