Last updated on 2025-07-27 08:48:44 CEST.
Flavor | Version | Tinstall | Tcheck | Ttotal | Status | Flags |
---|---|---|---|---|---|---|
r-devel-linux-x86_64-debian-clang | 1.3 | 9.40 | 78.25 | 87.65 | NOTE | |
r-devel-linux-x86_64-debian-gcc | 1.3 | 6.72 | 58.89 | 65.61 | NOTE | |
r-devel-linux-x86_64-fedora-clang | 1.3 | 147.35 | NOTE | |||
r-devel-linux-x86_64-fedora-gcc | 1.3 | 160.88 | NOTE | |||
r-devel-windows-x86_64 | 1.3 | 12.00 | 153.00 | 165.00 | NOTE | |
r-patched-linux-x86_64 | 1.3 | 9.38 | 74.65 | 84.03 | NOTE | |
r-release-linux-x86_64 | 1.3 | 8.47 | 74.32 | 82.79 | NOTE | |
r-release-macos-arm64 | 1.3 | 65.00 | NOTE | |||
r-release-macos-x86_64 | 1.3 | 122.00 | NOTE | |||
r-release-windows-x86_64 | 1.3 | 13.00 | 128.00 | 141.00 | NOTE | |
r-oldrel-macos-arm64 | 1.3 | 51.00 | NOTE | |||
r-oldrel-macos-x86_64 | 1.3 | 80.00 | NOTE | |||
r-oldrel-windows-x86_64 | 1.3 | 11.00 | 153.00 | 164.00 | NOTE |
Version: 1.3
Check: C++ specification
Result: NOTE
Specified C++11: please drop specification unless essential
Flavors: r-devel-linux-x86_64-debian-clang, r-devel-linux-x86_64-debian-gcc, r-devel-linux-x86_64-fedora-clang, r-devel-linux-x86_64-fedora-gcc, r-devel-windows-x86_64, r-patched-linux-x86_64, r-release-linux-x86_64, r-release-macos-arm64, r-release-macos-x86_64, r-release-windows-x86_64, r-oldrel-macos-arm64, r-oldrel-macos-x86_64, r-oldrel-windows-x86_64