Last updated on 2025-07-25 20:49:43 CEST.
Flavor | Version | Tinstall | Tcheck | Ttotal | Status | Flags |
---|---|---|---|---|---|---|
r-devel-linux-x86_64-debian-clang | 0.3.4.0 | 6.07 | 47.34 | 53.41 | OK | |
r-devel-linux-x86_64-debian-gcc | 0.3.4.0 | 3.98 | 36.50 | 40.48 | OK | |
r-devel-linux-x86_64-fedora-clang | 0.3.4.0 | 86.99 | OK | |||
r-devel-linux-x86_64-fedora-gcc | 0.3.4.0 | 83.27 | OK | |||
r-devel-windows-x86_64 | 0.3.4.0 | 8.00 | 76.00 | 84.00 | OK | |
r-patched-linux-x86_64 | 0.3.3.0 | 6.90 | 43.41 | 50.31 | NOTE | |
r-release-linux-x86_64 | 0.3.3.0 | 5.65 | 42.71 | 48.36 | NOTE | |
r-release-macos-arm64 | 0.3.3.0 | 42.00 | OK | |||
r-release-macos-x86_64 | 0.3.4.0 | 47.00 | OK | |||
r-release-windows-x86_64 | 0.3.4.0 | 8.00 | 78.00 | 86.00 | OK | |
r-oldrel-macos-arm64 | 0.3.3.0 | 27.00 | OK | |||
r-oldrel-macos-x86_64 | 0.3.4.0 | 50.00 | OK | |||
r-oldrel-windows-x86_64 | 0.3.4.0 | 10.00 | 86.00 | 96.00 | OK |
Version: 0.3.3.0
Check: Rd cross-references
Result: NOTE
Found the following Rd file(s) with Rd \link{} targets missing package
anchors:
onNextInput.Rd: observeEvent
Please provide package anchors for all Rd \link{} targets not in the
package itself and the base packages.
Flavors: r-patched-linux-x86_64, r-release-linux-x86_64