CRAN Package Check Results for Package spTimer

Last updated on 2025-07-27 08:48:43 CEST.

Flavor Version Tinstall Tcheck Ttotal Status Flags
r-devel-linux-x86_64-debian-clang 3.3.3 23.86 86.66 110.52 NOTE
r-devel-linux-x86_64-debian-gcc 3.3.3 14.91 58.03 72.94 NOTE
r-devel-linux-x86_64-fedora-clang 3.3.3 169.69 OK
r-devel-linux-x86_64-fedora-gcc 3.3.3 168.60 OK
r-devel-windows-x86_64 3.3.3 31.00 100.00 131.00 OK
r-patched-linux-x86_64 3.3.3 22.95 79.85 102.80 NOTE
r-release-linux-x86_64 3.3.3 21.55 81.51 103.06 NOTE
r-release-macos-arm64 3.3.3 51.00 OK
r-release-macos-x86_64 3.3.3 91.00 OK
r-release-windows-x86_64 3.3.3 30.00 94.00 124.00 OK
r-oldrel-macos-arm64 3.3.3 45.00 OK
r-oldrel-macos-x86_64 3.3.3 104.00 OK
r-oldrel-windows-x86_64 3.3.3 38.00 118.00 156.00 OK

Check Details

Version: 3.3.3
Check: for unstated dependencies in ‘demo’
Result: NOTE 'library' or 'require' calls not declared from: ‘MBA’ ‘akima’ ‘colorspace’ ‘fields’ ‘maps’ Flavors: r-devel-linux-x86_64-debian-clang, r-devel-linux-x86_64-debian-gcc, r-patched-linux-x86_64, r-release-linux-x86_64