CRAN Package Check Results for Package snowflakes

Last updated on 2025-07-27 08:48:43 CEST.

Flavor Version Tinstall Tcheck Ttotal Status Flags
r-devel-linux-x86_64-debian-clang 1.0.0 1.75 36.66 38.41 NOTE
r-devel-linux-x86_64-debian-gcc 1.0.0 1.40 28.14 29.54 NOTE
r-devel-linux-x86_64-fedora-clang 1.0.0 59.98 OK
r-devel-linux-x86_64-fedora-gcc 1.0.0 70.79 OK
r-devel-windows-x86_64 1.0.0 3.00 92.00 95.00 OK
r-patched-linux-x86_64 1.0.0 1.78 35.35 37.13 OK
r-release-linux-x86_64 1.0.0 1.58 35.66 37.24 OK
r-release-macos-arm64 1.0.0 30.00 OK
r-release-macos-x86_64 1.0.0 51.00 OK
r-release-windows-x86_64 1.0.0 3.00 76.00 79.00 OK
r-oldrel-macos-arm64 1.0.0 27.00 OK
r-oldrel-macos-x86_64 1.0.0 42.00 OK
r-oldrel-windows-x86_64 1.0.0 3.00 87.00 90.00 OK

Check Details

Version: 1.0.0
Check: CRAN incoming feasibility
Result: NOTE Maintainer: ‘Svetlana Eden <svetlana.eden@vanderbilt.edu>’ No Authors@R field in DESCRIPTION. Please add one, modifying Authors@R: person(given = "Svetlana", family = "Eden", role = c("aut", "cre"), email = "svetlana.eden@vanderbilt.edu") as necessary. Flavors: r-devel-linux-x86_64-debian-clang, r-devel-linux-x86_64-debian-gcc