CRAN Package Check Results for Package smoothmest

Last updated on 2025-07-27 08:48:42 CEST.

Flavor Version Tinstall Tcheck Ttotal Status Flags
r-devel-linux-x86_64-debian-clang 0.1-3 2.18 23.07 25.25 NOTE
r-devel-linux-x86_64-debian-gcc 0.1-3 1.69 19.38 21.07 NOTE
r-devel-linux-x86_64-fedora-clang 0.1-3 39.45 OK
r-devel-linux-x86_64-fedora-gcc 0.1-3 38.70 OK
r-devel-windows-x86_64 0.1-3 4.00 54.00 58.00 OK
r-patched-linux-x86_64 0.1-3 2.42 22.55 24.97 OK
r-release-linux-x86_64 0.1-3 2.24 22.24 24.48 OK
r-release-macos-arm64 0.1-3 19.00 OK
r-release-macos-x86_64 0.1-3 28.00 OK
r-release-windows-x86_64 0.1-3 3.00 49.00 52.00 OK
r-oldrel-macos-arm64 0.1-3 15.00 OK
r-oldrel-macos-x86_64 0.1-3 29.00 OK
r-oldrel-windows-x86_64 0.1-3 5.00 52.00 57.00 OK

Check Details

Version: 0.1-3
Check: CRAN incoming feasibility
Result: NOTE Maintainer: ‘Christian Hennig <christian.hennig@unibo.it>’ No Authors@R field in DESCRIPTION. Please add one, modifying Authors@R: person(given = "Christian", family = "Hennig", role = c("aut", "cre"), email = "christian.hennig@unibo.it") as necessary. Flavors: r-devel-linux-x86_64-debian-clang, r-devel-linux-x86_64-debian-gcc