CRAN Package Check Results for Package slider

Last updated on 2025-07-23 20:50:58 CEST.

Flavor Version Tinstall Tcheck Ttotal Status Flags
r-devel-linux-x86_64-debian-clang 0.3.2 7.81 100.06 107.87 NOTE
r-devel-linux-x86_64-debian-gcc 0.3.2 6.97 68.87 75.84 NOTE
r-devel-linux-x86_64-fedora-clang 0.3.2 167.09 NOTE
r-devel-linux-x86_64-fedora-gcc 0.3.2 181.21 NOTE
r-devel-windows-x86_64 0.3.2 16.00 112.00 128.00 NOTE
r-patched-linux-x86_64 0.3.2 9.30 91.15 100.45 NOTE
r-release-linux-x86_64 0.3.2 8.41 91.16 99.57 NOTE
r-release-macos-arm64 0.3.2 105.00 NOTE
r-release-macos-x86_64 0.3.2 194.00 NOTE
r-release-windows-x86_64 0.3.2 16.00 118.00 134.00 NOTE
r-oldrel-macos-arm64 0.3.2 58.00 OK
r-oldrel-macos-x86_64 0.3.2 132.00 OK
r-oldrel-windows-x86_64 0.3.2 19.00 140.00 159.00 OK

Check Details

Version: 0.3.2
Check: compiled code
Result: NOTE File ‘slider/libs/slider.so’: Found non-API call to R: ‘OBJECT’ Compiled code should not call non-API entry points in R. See ‘Writing portable packages’ in the ‘Writing R Extensions’ manual, and section ‘Moving into C API compliance’ for issues with the use of non-API entry points. Flavors: r-devel-linux-x86_64-debian-clang, r-devel-linux-x86_64-debian-gcc, r-devel-linux-x86_64-fedora-clang, r-devel-linux-x86_64-fedora-gcc, r-patched-linux-x86_64, r-release-linux-x86_64, r-release-macos-arm64, r-release-macos-x86_64

Version: 0.3.2
Check: compiled code
Result: NOTE File 'slider/libs/x64/slider.dll': Found non-API call to R: 'OBJECT' Compiled code should not call non-API entry points in R. See 'Writing portable packages' in the 'Writing R Extensions' manual, and section 'Moving into C API compliance' for issues with the use of non-API entry points. Flavors: r-devel-windows-x86_64, r-release-windows-x86_64