CRAN Package Check Results for Package shinyfullscreen

Last updated on 2025-07-25 20:49:42 CEST.

Flavor Version Tinstall Tcheck Ttotal Status Flags
r-devel-linux-x86_64-debian-clang 1.1.0 2.83 33.28 36.11 OK
r-devel-linux-x86_64-debian-gcc 1.1.0 1.97 25.61 27.58 OK
r-devel-linux-x86_64-fedora-clang 1.1.0 53.55 OK
r-devel-linux-x86_64-fedora-gcc 1.1.0 51.11 OK
r-devel-windows-x86_64 1.1.0 5.00 60.00 65.00 OK
r-patched-linux-x86_64 1.1.0 2.45 30.48 32.93 OK
r-release-linux-x86_64 1.1.0 2.28 30.55 32.83 OK
r-release-macos-arm64 1.1.0 22.00 OK
r-release-macos-x86_64 1.1.0 34.00 OK
r-release-windows-x86_64 1.1.0 5.00 52.00 57.00 OK
r-oldrel-macos-arm64 1.1.0 20.00 NOTE
r-oldrel-macos-x86_64 1.1.0 29.00 NOTE
r-oldrel-windows-x86_64 1.1.0 5.00 58.00 63.00 NOTE

Check Details

Version: 1.1.0
Check: LazyData
Result: NOTE 'LazyData' is specified without a 'data' directory Flavors: r-oldrel-macos-arm64, r-oldrel-macos-x86_64, r-oldrel-windows-x86_64