CRAN Package Check Results for Package sdamr

Last updated on 2025-07-27 08:48:41 CEST.

Flavor Version Tinstall Tcheck Ttotal Status Flags
r-devel-linux-x86_64-debian-clang 0.2.0 4.46 40.17 44.63 NOTE
r-devel-linux-x86_64-debian-gcc 0.2.0 3.35 31.09 34.44 NOTE
r-devel-linux-x86_64-fedora-clang 0.2.0 71.49 NOTE
r-devel-linux-x86_64-fedora-gcc 0.2.0 63.79 NOTE
r-devel-windows-x86_64 0.2.0 7.00 66.00 73.00 NOTE
r-patched-linux-x86_64 0.2.0 4.84 36.55 41.39 NOTE
r-release-linux-x86_64 0.2.0 4.48 36.69 41.17 NOTE
r-release-macos-arm64 0.2.0 23.00 NOTE
r-release-macos-x86_64 0.2.0 37.00 NOTE
r-release-windows-x86_64 0.2.0 7.00 59.00 66.00 NOTE
r-oldrel-macos-arm64 0.2.0 24.00 NOTE
r-oldrel-macos-x86_64 0.2.0 36.00 NOTE
r-oldrel-windows-x86_64 0.2.0 8.00 69.00 77.00 NOTE

Check Details

Version: 0.2.0
Check: Rd files
Result: NOTE checkRd: (-1) geom_flat_violin.Rd:7: Lost braces 7 | url{https://gist.github.com/dgrtwo/eb7750e74997891d7c20} | ^ Flavors: r-devel-linux-x86_64-debian-clang, r-devel-linux-x86_64-debian-gcc, r-devel-linux-x86_64-fedora-clang, r-devel-linux-x86_64-fedora-gcc, r-devel-windows-x86_64, r-patched-linux-x86_64, r-release-linux-x86_64, r-release-macos-arm64, r-release-macos-x86_64, r-release-windows-x86_64, r-oldrel-macos-arm64, r-oldrel-macos-x86_64, r-oldrel-windows-x86_64