CRAN Package Check Results for Package scriptexec

Last updated on 2025-07-27 08:48:41 CEST.

Flavor Version Tinstall Tcheck Ttotal Status Flags
r-devel-linux-x86_64-debian-clang 0.3.1 1.74 28.50 30.24 NOTE
r-devel-linux-x86_64-debian-gcc 0.3.1 1.46 23.55 25.01 NOTE
r-devel-linux-x86_64-fedora-clang 0.3.1 47.28 OK
r-devel-linux-x86_64-fedora-gcc 0.3.1 57.98 OK
r-devel-windows-x86_64 0.3.1 4.00 59.00 63.00 OK
r-patched-linux-x86_64 0.3.1 1.86 26.17 28.03 OK
r-release-linux-x86_64 0.3.1 1.77 25.88 27.65 OK
r-release-macos-arm64 0.3.1 54.00 OK
r-release-macos-x86_64 0.3.1 43.00 OK
r-release-windows-x86_64 0.3.1 3.00 60.00 63.00 OK
r-oldrel-macos-arm64 0.3.1 23.00 OK
r-oldrel-macos-x86_64 0.3.1 36.00 OK
r-oldrel-windows-x86_64 0.3.1 3.00 68.00 71.00 OK

Check Details

Version: 0.3.1
Check: CRAN incoming feasibility
Result: NOTE Maintainer: ‘Sagie Gur-Ari <sagiegurari@gmail.com>’ Found the following (possibly) invalid file URIs: URI: docs/api.md From: README.md URI: .github/CONTRIBUTING.md From: README.md Flavors: r-devel-linux-x86_64-debian-clang, r-devel-linux-x86_64-debian-gcc