Last updated on 2025-07-27 08:48:41 CEST.
Flavor | Version | Tinstall | Tcheck | Ttotal | Status | Flags |
---|---|---|---|---|---|---|
r-devel-linux-x86_64-debian-clang | 0.7.3 | 6.48 | 122.57 | 129.05 | NOTE | |
r-devel-linux-x86_64-debian-gcc | 0.7.3 | 5.02 | 82.90 | 87.92 | NOTE | |
r-devel-linux-x86_64-fedora-clang | 0.7.3 | 205.94 | OK | |||
r-devel-linux-x86_64-fedora-gcc | 0.7.3 | 211.72 | OK | |||
r-devel-windows-x86_64 | 0.7.3 | 10.00 | 147.00 | 157.00 | OK | |
r-patched-linux-x86_64 | 0.7.3 | 7.60 | 117.49 | 125.09 | NOTE | |
r-release-linux-x86_64 | 0.7.3 | 5.64 | 117.21 | 122.85 | NOTE | |
r-release-macos-arm64 | 0.7.3 | 61.00 | OK | |||
r-release-macos-x86_64 | 0.7.3 | 137.00 | OK | |||
r-release-windows-x86_64 | 0.7.3 | 10.00 | 134.00 | 144.00 | OK | |
r-oldrel-macos-arm64 | 0.7.3 | 66.00 | OK | |||
r-oldrel-macos-x86_64 | 0.7.3 | 98.00 | OK | |||
r-oldrel-windows-x86_64 | 0.7.3 | 13.00 | 176.00 | 189.00 | OK |
Version: 0.7.3
Check: for unstated dependencies in ‘demo’
Result: NOTE
'library' or 'require' calls not declared from:
‘doSNOW’ ‘foreach’ ‘iterators’ ‘reshape’ ‘rlecuyer’ ‘snow’
Flavors: r-devel-linux-x86_64-debian-clang, r-devel-linux-x86_64-debian-gcc, r-patched-linux-x86_64, r-release-linux-x86_64