Last updated on 2025-07-27 08:48:40 CEST.
Flavor | Version | Tinstall | Tcheck | Ttotal | Status | Flags |
---|---|---|---|---|---|---|
r-devel-linux-x86_64-debian-clang | 4.1.1 | 10.16 | 77.79 | 87.95 | NOTE | |
r-devel-linux-x86_64-debian-gcc | 4.1.1 | 6.35 | 58.47 | 64.82 | NOTE | |
r-devel-linux-x86_64-fedora-clang | 4.1.1 | 140.85 | OK | |||
r-devel-linux-x86_64-fedora-gcc | 4.1.1 | 151.34 | OK | |||
r-devel-windows-x86_64 | 4.1.1 | 12.00 | 110.00 | 122.00 | OK | |
r-patched-linux-x86_64 | 4.1.1 | 9.50 | 72.79 | 82.29 | OK | |
r-release-linux-x86_64 | 4.1.1 | 8.86 | 72.92 | 81.78 | OK | |
r-release-macos-arm64 | 4.1.1 | 51.00 | OK | |||
r-release-macos-x86_64 | 4.1.1 | 107.00 | OK | |||
r-release-windows-x86_64 | 4.1.1 | 11.00 | 98.00 | 109.00 | OK | |
r-oldrel-macos-arm64 | 4.1.1 | 50.00 | OK | |||
r-oldrel-macos-x86_64 | 4.1.1 | 74.00 | OK | |||
r-oldrel-windows-x86_64 | 4.1.1 | 16.00 | 118.00 | 134.00 | OK |
Version: 4.1.1
Check: CRAN incoming feasibility
Result: NOTE
Maintainer: ‘Hugo Andres Gutierrez Rojas <hagutierrezro@gmail.com>’
No Authors@R field in DESCRIPTION.
Please add one, modifying
Authors@R: person(given = c("Hugo", "Andres", "Gutierrez"),
family = "Rojas",
role = c("aut", "cre"),
email = "hagutierrezro@gmail.com")
as necessary.
Flavors: r-devel-linux-x86_64-debian-clang, r-devel-linux-x86_64-debian-gcc