CRAN Package Check Results for Package rvkstat

Last updated on 2025-07-26 19:50:04 CEST.

Flavor Version Tinstall Tcheck Ttotal Status Flags
r-devel-linux-x86_64-debian-clang 3.2.0 6.21 52.02 58.23 NOTE
r-devel-linux-x86_64-debian-gcc 3.2.0 4.16 39.32 43.48 NOTE
r-devel-linux-x86_64-fedora-clang 3.2.0 96.50 OK
r-devel-linux-x86_64-fedora-gcc 3.2.0 83.91 OK
r-devel-windows-x86_64 3.2.0 10.00 72.00 82.00 OK
r-patched-linux-x86_64 3.2.0 7.33 47.55 54.88 OK
r-release-linux-x86_64 3.2.0 6.36 47.09 53.45 OK
r-release-macos-arm64 3.2.0 25.00 OK
r-release-macos-x86_64 3.2.0 51.00 OK
r-release-windows-x86_64 3.2.0 10.00 72.00 82.00 OK
r-oldrel-macos-arm64 3.2.0 29.00 OK
r-oldrel-macos-x86_64 3.2.0 40.00 OK
r-oldrel-windows-x86_64 3.2.0 10.00 87.00 97.00 OK

Check Details

Version: 3.2.0
Check: CRAN incoming feasibility
Result: NOTE Maintainer: ‘Alexey Seleznev <selesnow@gmail.com>’ No Authors@R field in DESCRIPTION. Please add one, modifying Authors@R: person(given = "Alexey", family = "Seleznev", role = c("aut", "cre"), email = "selesnow@gmail.com") as necessary. Flavors: r-devel-linux-x86_64-debian-clang, r-devel-linux-x86_64-debian-gcc