CRAN Package Check Results for Package rtemps

Last updated on 2025-07-27 08:48:40 CEST.

Flavor Version Tinstall Tcheck Ttotal Status Flags
r-devel-linux-x86_64-debian-clang 0.8.0 1.72 19.96 21.68 OK
r-devel-linux-x86_64-debian-gcc 0.8.0 1.41 16.64 18.05 OK
r-devel-linux-x86_64-fedora-clang 0.8.0 32.21 OK
r-devel-linux-x86_64-fedora-gcc 0.8.0 30.51 OK
r-devel-windows-x86_64 0.8.0 4.00 51.00 55.00 OK
r-patched-linux-x86_64 0.8.0 1.82 17.86 19.68 OK
r-release-linux-x86_64 0.8.0 1.75 18.03 19.78 OK
r-release-macos-arm64 0.8.0 15.00 OK
r-release-macos-x86_64 0.8.0 33.00 OK
r-release-windows-x86_64 0.8.0 4.00 45.00 49.00 OK
r-oldrel-macos-arm64 0.8.0 15.00 NOTE
r-oldrel-macos-x86_64 0.8.0 23.00 NOTE
r-oldrel-windows-x86_64 0.8.0 4.00 48.00 52.00 NOTE

Check Details

Version: 0.8.0
Check: LazyData
Result: NOTE 'LazyData' is specified without a 'data' directory Flavors: r-oldrel-macos-arm64, r-oldrel-macos-x86_64, r-oldrel-windows-x86_64