CRAN Package Check Results for Package rscontract

Last updated on 2025-07-27 08:48:40 CEST.

Flavor Version Tinstall Tcheck Ttotal Status Flags
r-devel-linux-x86_64-debian-clang 0.1.2 1.70 20.31 22.01 OK
r-devel-linux-x86_64-debian-gcc 0.1.2 1.38 16.95 18.33 OK
r-devel-linux-x86_64-fedora-clang 0.1.2 32.78 OK
r-devel-linux-x86_64-fedora-gcc 0.1.2 30.76 OK
r-devel-windows-x86_64 0.1.2 6.00 49.00 55.00 OK
r-patched-linux-x86_64 0.1.2 1.61 18.03 19.64 OK
r-release-linux-x86_64 0.1.2 1.73 17.82 19.55 OK
r-release-macos-arm64 0.1.2 16.00 OK
r-release-macos-x86_64 0.1.2 25.00 OK
r-release-windows-x86_64 0.1.2 3.00 41.00 44.00 OK
r-oldrel-macos-arm64 0.1.2 21.00 NOTE
r-oldrel-macos-x86_64 0.1.2 22.00 NOTE
r-oldrel-windows-x86_64 0.1.2 4.00 42.00 46.00 NOTE

Check Details

Version: 0.1.2
Check: LazyData
Result: NOTE 'LazyData' is specified without a 'data' directory Flavors: r-oldrel-macos-arm64, r-oldrel-macos-x86_64, r-oldrel-windows-x86_64