CRAN Package Check Results for Package refund.shiny

Last updated on 2025-07-27 08:48:39 CEST.

Flavor Version Tinstall Tcheck Ttotal Status Flags
r-devel-linux-x86_64-debian-clang 1.0 18.69 129.82 148.51 NOTE
r-devel-linux-x86_64-debian-gcc 1.0 12.85 92.69 105.54 NOTE
r-devel-linux-x86_64-fedora-clang 1.0 230.72 OK
r-devel-linux-x86_64-fedora-gcc 1.0 212.04 OK
r-devel-windows-x86_64 1.0 19.00 140.00 159.00 NOTE
r-patched-linux-x86_64 1.0 17.47 121.42 138.89 NOTE
r-release-linux-x86_64 1.0 15.59 120.60 136.19 NOTE
r-release-macos-arm64 1.0 47.00 OK
r-release-macos-x86_64 1.0 105.00 OK
r-release-windows-x86_64 1.0 17.00 126.00 143.00 NOTE
r-oldrel-macos-arm64 1.0 53.00 OK
r-oldrel-macos-x86_64 1.0 77.00 OK
r-oldrel-windows-x86_64 1.0 26.00 160.00 186.00 OK

Check Details

Version: 1.0
Check: Rd cross-references
Result: NOTE Found the following Rd file(s) with Rd \link{} targets missing package anchors: plot_shiny.Rd: fpca.sc, fpca.face, fpca.ssvd, fpca2s, bayes_fosr, mfpca.sc Please provide package anchors for all Rd \link{} targets not in the package itself and the base packages. Flavors: r-devel-linux-x86_64-debian-clang, r-devel-linux-x86_64-debian-gcc, r-devel-windows-x86_64, r-patched-linux-x86_64, r-release-linux-x86_64, r-release-windows-x86_64