CRAN Package Check Results for Package rdoxygen

Last updated on 2025-07-23 20:50:54 CEST.

Flavor Version Tinstall Tcheck Ttotal Status Flags
r-devel-linux-x86_64-debian-clang 1.0.0 2.58 20.28 22.86 OK
r-devel-linux-x86_64-debian-gcc 1.0.0 2.21 17.51 19.72 OK
r-devel-linux-x86_64-fedora-clang 1.0.0 37.90 OK
r-devel-linux-x86_64-fedora-gcc 1.0.0 34.08 OK
r-devel-windows-x86_64 1.0.0 7.00 42.00 49.00 OK
r-patched-linux-x86_64 1.0.0 2.20 19.28 21.48 OK
r-release-linux-x86_64 1.0.0 2.49 19.31 21.80 OK
r-release-macos-arm64 1.0.0 18.00 OK
r-release-macos-x86_64 1.0.0 36.00 OK
r-release-windows-x86_64 1.0.0 6.00 44.00 50.00 OK
r-oldrel-macos-arm64 1.0.0 18.00 NOTE
r-oldrel-macos-x86_64 1.0.0 25.00 NOTE
r-oldrel-windows-x86_64 1.0.0 7.00 47.00 54.00 NOTE

Check Details

Version: 1.0.0
Check: LazyData
Result: NOTE 'LazyData' is specified without a 'data' directory Flavors: r-oldrel-macos-arm64, r-oldrel-macos-x86_64, r-oldrel-windows-x86_64