Last updated on 2025-07-26 08:49:33 CEST.
Flavor | Version | Tinstall | Tcheck | Ttotal | Status | Flags |
---|---|---|---|---|---|---|
r-devel-linux-x86_64-debian-clang | 0.2.3 | 119.61 | 133.76 | 253.37 | OK | |
r-devel-linux-x86_64-debian-gcc | 0.2.3 | 91.21 | 91.83 | 183.04 | OK | |
r-devel-linux-x86_64-fedora-clang | 0.2.3 | 525.10 | OK | |||
r-devel-linux-x86_64-fedora-gcc | 0.2.3 | 471.93 | OK | |||
r-devel-windows-x86_64 | 0.2.3 | 158.00 | 181.00 | 339.00 | OK | |
r-patched-linux-x86_64 | 0.2.2 | 128.77 | 116.05 | 244.82 | OK | |
r-release-linux-x86_64 | 0.2.2 | 133.27 | 117.61 | 250.88 | OK | |
r-release-macos-arm64 | 0.2.2 | 117.00 | OK | |||
r-release-macos-x86_64 | 0.2.3 | 187.00 | OK | |||
r-release-windows-x86_64 | 0.2.3 | 169.00 | 228.00 | 397.00 | OK | |
r-oldrel-macos-arm64 | 0.2.2 | 96.00 | NOTE | |||
r-oldrel-macos-x86_64 | 0.2.3 | 184.00 | NOTE | |||
r-oldrel-windows-x86_64 | 0.2.3 | 198.00 | 227.00 | 425.00 | OK |
Version: 0.2.2
Check: installed package size
Result: NOTE
installed size is 15.8Mb
sub-directories of 1Mb or more:
libs 15.0Mb
Flavor: r-oldrel-macos-arm64
Version: 0.2.3
Check: installed package size
Result: NOTE
installed size is 16.4Mb
sub-directories of 1Mb or more:
libs 15.5Mb
Flavor: r-oldrel-macos-x86_64