CRAN Package Check Results for Package quantkriging

Last updated on 2025-07-27 08:48:38 CEST.

Flavor Version Tinstall Tcheck Ttotal Status Flags
r-devel-linux-x86_64-debian-clang 0.1.0 2.87 47.46 50.33 OK
r-devel-linux-x86_64-debian-gcc 0.1.0 1.79 32.62 34.41 OK
r-devel-linux-x86_64-fedora-clang 0.1.0 81.53 OK
r-devel-linux-x86_64-fedora-gcc 0.1.0 75.43 OK
r-devel-windows-x86_64 0.1.0 5.00 60.00 65.00 OK
r-patched-linux-x86_64 0.1.0 2.53 44.34 46.87 OK
r-release-linux-x86_64 0.1.0 2.55 44.15 46.70 OK
r-release-macos-arm64 0.1.0 26.00 OK
r-release-macos-x86_64 0.1.0 45.00 OK
r-release-windows-x86_64 0.1.0 5.00 63.00 68.00 OK
r-oldrel-macos-arm64 0.1.0 24.00 NOTE
r-oldrel-macos-x86_64 0.1.0 40.00 NOTE
r-oldrel-windows-x86_64 0.1.0 5.00 74.00 79.00 NOTE

Check Details

Version: 0.1.0
Check: LazyData
Result: NOTE 'LazyData' is specified without a 'data' directory Flavors: r-oldrel-macos-arm64, r-oldrel-macos-x86_64, r-oldrel-windows-x86_64