Last updated on 2025-07-27 08:48:37 CEST.
Flavor | Version | Tinstall | Tcheck | Ttotal | Status | Flags |
---|---|---|---|---|---|---|
r-devel-linux-x86_64-debian-clang | 1.1.0 | 7.37 | 442.30 | 449.67 | OK | |
r-devel-linux-x86_64-debian-gcc | 1.1.0 | 4.37 | 406.99 | 411.36 | OK | |
r-devel-linux-x86_64-fedora-clang | 1.1.0 | 589.97 | OK | |||
r-devel-linux-x86_64-fedora-gcc | 1.1.0 | 840.92 | OK | |||
r-devel-windows-x86_64 | 1.1.0 | 12.00 | 912.00 | 924.00 | OK | |
r-patched-linux-x86_64 | 1.1.0 | 7.10 | 531.26 | 538.36 | OK | |
r-release-linux-x86_64 | 1.1.0 | 7.26 | 518.26 | 525.52 | OK | |
r-release-macos-arm64 | 1.1.0 | 167.00 | OK | |||
r-release-macos-x86_64 | 1.1.0 | 745.00 | OK | |||
r-release-windows-x86_64 | 1.1.0 | 10.00 | 746.00 | 756.00 | OK | |
r-oldrel-macos-arm64 | 1.1.0 | 162.00 | NOTE | |||
r-oldrel-macos-x86_64 | 1.1.0 | 375.00 | NOTE | |||
r-oldrel-windows-x86_64 | 1.1.0 | 11.00 | 503.00 | 514.00 | NOTE |
Version: 1.1.0
Check: package dependencies
Result: NOTE
Packages suggested but not available for checking: 'cmdstanr', 'iwmm'
Flavors: r-oldrel-macos-arm64, r-oldrel-macos-x86_64, r-oldrel-windows-x86_64