CRAN Package Check Results for Package prefmod

Last updated on 2025-07-27 08:48:37 CEST.

Flavor Version Tinstall Tcheck Ttotal Status Flags
r-devel-linux-x86_64-debian-clang 0.8-36 11.53 91.50 103.03 NOTE
r-devel-linux-x86_64-debian-gcc 0.8-36 6.84 64.22 71.06 NOTE
r-devel-linux-x86_64-fedora-clang 0.8-36 155.21 OK
r-devel-linux-x86_64-fedora-gcc 0.8-36 147.34 OK
r-devel-windows-x86_64 0.8-36 15.00 102.00 117.00 NOTE
r-patched-linux-x86_64 0.8-36 13.00 84.37 97.37 NOTE
r-release-linux-x86_64 0.8-36 10.23 84.88 95.11 NOTE
r-release-macos-arm64 0.8-36 44.00 OK
r-release-macos-x86_64 0.8-36 91.00 OK
r-release-windows-x86_64 0.8-36 15.00 103.00 118.00 NOTE
r-oldrel-macos-arm64 0.8-36 41.00 OK
r-oldrel-macos-x86_64 0.8-36 79.00 OK
r-oldrel-windows-x86_64 0.8-36 19.00 131.00 150.00 OK

Check Details

Version: 0.8-36
Check: Rd cross-references
Result: NOTE Found the following Rd file(s) with Rd \link{} targets missing package anchors: llbt.worth.Rd: gnm Please provide package anchors for all Rd \link{} targets not in the package itself and the base packages. Flavors: r-devel-linux-x86_64-debian-clang, r-devel-linux-x86_64-debian-gcc, r-devel-windows-x86_64, r-patched-linux-x86_64, r-release-linux-x86_64, r-release-windows-x86_64