CRAN Package Check Results for Package otp

Last updated on 2025-07-27 08:48:35 CEST.

Flavor Version Tinstall Tcheck Ttotal Status Flags
r-devel-linux-x86_64-debian-clang 0.1.1 3.76 20.21 23.97 OK
r-devel-linux-x86_64-debian-gcc 0.1.1 2.81 17.33 20.14 OK
r-devel-linux-x86_64-fedora-clang 0.1.1 35.24 NOTE
r-devel-linux-x86_64-fedora-gcc 0.1.1 33.61 NOTE
r-devel-windows-x86_64 0.1.1 4.00 46.00 50.00 OK
r-patched-linux-x86_64 0.1.1 2.89 17.94 20.83 OK
r-release-linux-x86_64 0.1.1 3.04 17.89 20.93 OK
r-release-macos-arm64 0.1.1 21.00 OK
r-release-macos-x86_64 0.1.1 37.00 OK
r-release-windows-x86_64 0.1.1 5.00 40.00 45.00 OK
r-oldrel-macos-arm64 0.1.1 16.00 OK
r-oldrel-macos-x86_64 0.1.1 23.00 OK
r-oldrel-windows-x86_64 0.1.1 5.00 45.00 50.00 OK

Check Details

Version: 0.1.1
Check: dependencies in R code
Result: NOTE Namespaces in Imports field not imported from: ‘R6’ ‘openssl’ All declared Imports should be used. Flavors: r-devel-linux-x86_64-fedora-clang, r-devel-linux-x86_64-fedora-gcc