CRAN Package Check Results for Package oenb

Last updated on 2025-07-26 19:49:59 CEST.

Flavor Version Tinstall Tcheck Ttotal Status Flags
r-devel-linux-x86_64-debian-clang 0.0.2 1.47 23.52 24.99 OK
r-devel-linux-x86_64-debian-gcc 0.0.2 1.38 20.12 21.50 OK
r-devel-linux-x86_64-fedora-clang 0.0.2 37.19 OK
r-devel-linux-x86_64-fedora-gcc 0.0.2 52.22 OK
r-devel-windows-x86_64 0.0.2 4.00 59.00 63.00 OK
r-patched-linux-x86_64 0.0.2 1.94 21.15 23.09 OK
r-release-linux-x86_64 0.0.2 1.69 21.29 22.98 OK
r-release-macos-arm64 0.0.2 22.00 OK
r-release-macos-x86_64 0.0.2 38.00 OK
r-release-windows-x86_64 0.0.2 3.00 47.00 50.00 OK
r-oldrel-macos-arm64 0.0.2 23.00 NOTE
r-oldrel-macos-x86_64 0.0.2 33.00 NOTE
r-oldrel-windows-x86_64 0.0.2 4.00 49.00 53.00 NOTE

Check Details

Version: 0.0.2
Check: LazyData
Result: NOTE 'LazyData' is specified without a 'data' directory Flavors: r-oldrel-macos-arm64, r-oldrel-macos-x86_64, r-oldrel-windows-x86_64