Last updated on 2025-07-27 08:48:35 CEST.
Flavor | Version | Tinstall | Tcheck | Ttotal | Status | Flags |
---|---|---|---|---|---|---|
r-devel-linux-x86_64-debian-clang | 1.0.3 | 70.99 | 145.70 | 216.69 | OK | |
r-devel-linux-x86_64-debian-gcc | 1.0.3 | 54.69 | 97.34 | 152.03 | OK | |
r-devel-linux-x86_64-fedora-clang | 1.0.3 | 365.87 | OK | |||
r-devel-linux-x86_64-fedora-gcc | 1.0.3 | 371.61 | OK | |||
r-devel-windows-x86_64 | 1.0.3 | 102.00 | 186.00 | 288.00 | OK | |
r-patched-linux-x86_64 | 1.0.3 | 77.22 | 135.78 | 213.00 | OK | |
r-release-linux-x86_64 | 1.0.3 | 77.71 | 135.88 | 213.59 | OK | |
r-release-macos-arm64 | 1.0.3 | 92.00 | OK | |||
r-release-macos-x86_64 | 1.0.3 | 139.00 | OK | |||
r-release-windows-x86_64 | 1.0.3 | 98.00 | 159.00 | 257.00 | OK | |
r-oldrel-macos-arm64 | 1.0.3 | 87.00 | NOTE | |||
r-oldrel-macos-x86_64 | 1.0.3 | 147.00 | NOTE | |||
r-oldrel-windows-x86_64 | 1.0.3 | 120.00 | 194.00 | 314.00 | OK |
Version: 1.0.3
Check: installed package size
Result: NOTE
installed size is 6.1Mb
sub-directories of 1Mb or more:
libs 5.3Mb
Flavors: r-oldrel-macos-arm64, r-oldrel-macos-x86_64