CRAN Package Check Results for Package oRus

Last updated on 2025-07-27 08:48:35 CEST.

Flavor Version Tinstall Tcheck Ttotal Status Flags
r-devel-linux-x86_64-debian-clang 1.0.0 15.25 123.06 138.31 OK
r-devel-linux-x86_64-debian-gcc 1.0.0 11.93 93.65 105.58 OK
r-devel-linux-x86_64-fedora-clang 1.0.0 218.77 NOTE
r-devel-linux-x86_64-fedora-gcc 1.0.0 224.51 NOTE
r-devel-windows-x86_64 1.0.0 15.00 131.00 146.00 OK
r-patched-linux-x86_64 1.0.0 14.41 115.14 129.55 OK
r-release-linux-x86_64 1.0.0 13.23 115.58 128.81 OK
r-release-macos-arm64 1.0.0 64.00 OK
r-release-macos-x86_64 1.0.0 117.00 OK
r-release-windows-x86_64 1.0.0 14.00 109.00 123.00 OK
r-oldrel-macos-arm64 1.0.0 59.00 NOTE
r-oldrel-macos-x86_64 1.0.0 96.00 NOTE
r-oldrel-windows-x86_64 1.0.0 19.00 145.00 164.00 NOTE

Check Details

Version: 1.0.0
Check: dependencies in R code
Result: NOTE Namespaces in Imports field not imported from: ‘knitr’ ‘tibble’ All declared Imports should be used. Flavors: r-devel-linux-x86_64-fedora-clang, r-devel-linux-x86_64-fedora-gcc

Version: 1.0.0
Check: LazyData
Result: NOTE 'LazyData' is specified without a 'data' directory Flavors: r-oldrel-macos-arm64, r-oldrel-macos-x86_64, r-oldrel-windows-x86_64