Last updated on 2025-07-25 08:49:56 CEST.
Flavor | Version | Tinstall | Tcheck | Ttotal | Status | Flags |
---|---|---|---|---|---|---|
r-devel-linux-x86_64-debian-clang | 1.9.7 | 17.18 | 371.07 | 388.25 | NOTE | |
r-devel-linux-x86_64-debian-gcc | 1.9.7 | 10.69 | 246.26 | 256.95 | NOTE | |
r-devel-linux-x86_64-fedora-clang | 1.9.7 | 626.64 | OK | |||
r-devel-linux-x86_64-fedora-gcc | 1.9.7 | 593.61 | OK | |||
r-devel-windows-x86_64 | 1.9.7 | 20.00 | 345.00 | 365.00 | NOTE | |
r-patched-linux-x86_64 | 1.9.7 | 20.15 | 350.63 | 370.78 | NOTE | |
r-release-linux-x86_64 | 1.9.7 | 17.98 | 348.91 | 366.89 | NOTE | |
r-release-macos-arm64 | 1.9.7 | 177.00 | OK | |||
r-release-macos-x86_64 | 1.9.7 | 333.00 | OK | |||
r-release-windows-x86_64 | 1.9.7 | 19.00 | 400.00 | 419.00 | NOTE | |
r-oldrel-macos-arm64 | 1.9.7 | 158.00 | OK | |||
r-oldrel-macos-x86_64 | 1.9.7 | 258.00 | OK | |||
r-oldrel-windows-x86_64 | 1.9.7 | 25.00 | 474.00 | 499.00 | OK |
Version: 1.9.7
Check: Rd cross-references
Result: NOTE
Found the following Rd file(s) with Rd \link{} targets missing package
anchors:
nlsLMList.formula.Rd: nlsList
predict_nlme.Rd: predict.nlme, predict.lme, predict.gnls
Please provide package anchors for all Rd \link{} targets not in the
package itself and the base packages.
Flavors: r-devel-linux-x86_64-debian-clang, r-devel-linux-x86_64-debian-gcc, r-devel-windows-x86_64, r-patched-linux-x86_64, r-release-linux-x86_64, r-release-windows-x86_64