CRAN Package Check Results for Package mvinfluence

Last updated on 2025-07-26 19:49:58 CEST.

Flavor Version Tinstall Tcheck Ttotal Status Flags
r-devel-linux-x86_64-debian-clang 0.9.2 6.45 65.20 71.65 OK
r-devel-linux-x86_64-debian-gcc 0.9.2 4.61 50.82 55.43 OK
r-devel-linux-x86_64-fedora-clang 0.9.2 116.99 OK
r-devel-linux-x86_64-fedora-gcc 0.9.2 125.57 OK
r-devel-windows-x86_64 0.9.2 9.00 85.00 94.00 OK
r-patched-linux-x86_64 0.9.0 6.31 58.78 65.09 NOTE
r-release-linux-x86_64 0.9.0 4.34 59.33 63.67 NOTE
r-release-macos-arm64 0.9.0 60.00 NOTE
r-release-macos-x86_64 0.9.2 73.00 OK
r-release-windows-x86_64 0.9.2 11.00 89.00 100.00 OK
r-oldrel-macos-arm64 0.9.0 37.00 OK
r-oldrel-macos-x86_64 0.9.2 76.00 OK
r-oldrel-windows-x86_64 0.9.2 12.00 98.00 110.00 OK

Check Details

Version: 0.9.0
Check: DESCRIPTION meta-information
Result: NOTE Missing dependency on R >= 4.1.0 because package code uses the pipe |> or function shorthand \(...) syntax added in R 4.1.0. File(s) using such syntax: ‘influence.mlm.Rd’ ‘mlm.influence.Rd’ Flavors: r-patched-linux-x86_64, r-release-linux-x86_64, r-release-macos-arm64

Version: 0.9.0
Check: Rd cross-references
Result: NOTE Found the following Rd file(s) with Rd \link{} targets missing package anchors: influencePlot.mlm.Rd: showLabels Please provide package anchors for all Rd \link{} targets not in the package itself and the base packages. Flavors: r-patched-linux-x86_64, r-release-linux-x86_64