CRAN Package Check Results for Package mthapower

Last updated on 2025-07-27 08:48:34 CEST.

Flavor Version Tinstall Tcheck Ttotal Status Flags
r-devel-linux-x86_64-debian-clang 0.1.1 1.71 18.14 19.85 OK
r-devel-linux-x86_64-debian-gcc 0.1.1 1.35 15.18 16.53 OK
r-devel-linux-x86_64-fedora-clang 0.1.1 29.80 OK
r-devel-linux-x86_64-fedora-gcc 0.1.1 27.23 OK
r-devel-windows-x86_64 0.1.1 3.00 43.00 46.00 OK
r-patched-linux-x86_64 0.1.1 1.70 15.88 17.58 OK
r-release-linux-x86_64 0.1.1 1.48 16.16 17.64 OK
r-release-macos-arm64 0.1.1 16.00 OK
r-release-macos-x86_64 0.1.1 26.00 OK
r-release-windows-x86_64 0.1.1 3.00 39.00 42.00 OK
r-oldrel-macos-arm64 0.1.1 13.00 NOTE
r-oldrel-macos-x86_64 0.1.1 22.00 NOTE
r-oldrel-windows-x86_64 0.1.1 2.00 42.00 44.00 NOTE

Check Details

Version: 0.1.1
Check: LazyData
Result: NOTE 'LazyData' is specified without a 'data' directory Flavors: r-oldrel-macos-arm64, r-oldrel-macos-x86_64, r-oldrel-windows-x86_64