Last updated on 2025-07-27 20:50:03 CEST.
Flavor | Version | Tinstall | Tcheck | Ttotal | Status | Flags |
---|---|---|---|---|---|---|
r-devel-linux-x86_64-debian-clang | 0.1.0 | 2.28 | 27.49 | 29.77 | NOTE | |
r-devel-linux-x86_64-debian-gcc | 0.1.0 | 1.74 | 20.39 | 22.13 | NOTE | |
r-devel-linux-x86_64-fedora-clang | 0.1.0 | 48.01 | OK | |||
r-devel-linux-x86_64-fedora-gcc | 0.1.0 | 43.29 | OK | |||
r-devel-windows-x86_64 | 0.1.0 | 4.00 | 59.00 | 63.00 | OK | |
r-patched-linux-x86_64 | 0.1.0 | 2.37 | 24.46 | 26.83 | OK | |
r-release-linux-x86_64 | 0.1.0 | 2.20 | 24.66 | 26.86 | OK | |
r-release-macos-arm64 | 0.1.0 | 21.00 | OK | |||
r-release-macos-x86_64 | 0.1.0 | 32.00 | OK | |||
r-release-windows-x86_64 | 0.1.0 | 3.00 | 48.00 | 51.00 | OK | |
r-oldrel-macos-arm64 | 0.1.0 | 18.00 | OK | |||
r-oldrel-macos-x86_64 | 0.1.0 | 30.00 | OK | |||
r-oldrel-windows-x86_64 | 0.1.0 | 4.00 | 55.00 | 59.00 | OK |
Version: 0.1.0
Check: CRAN incoming feasibility
Result: NOTE
Maintainer: ‘Novia Permatasari <novia.permatasari@bps.go.id>’
No Authors@R field in DESCRIPTION.
Please add one, modifying
Authors@R: c(person(given = "Azka",
family = "Ubaidillah",
role = "aut"),
person(given = "Novia",
family = "Permatasari",
role = c("aut", "cre"),
email = "novia.permatasari@bps.go.id"))
as necessary.
Flavors: r-devel-linux-x86_64-debian-clang, r-devel-linux-x86_64-debian-gcc