Last updated on 2025-07-27 08:48:34 CEST.
Flavor | Version | Tinstall | Tcheck | Ttotal | Status | Flags |
---|---|---|---|---|---|---|
r-devel-linux-x86_64-debian-clang | 1.2.0 | 2.79 | 48.82 | 51.61 | NOTE | |
r-devel-linux-x86_64-debian-gcc | 1.2.0 | 1.57 | 36.78 | 38.35 | NOTE | |
r-devel-linux-x86_64-fedora-clang | 1.2.0 | 75.77 | NOTE | |||
r-devel-linux-x86_64-fedora-gcc | 1.2.0 | 90.27 | NOTE | |||
r-devel-windows-x86_64 | 1.2.0 | 5.00 | 77.00 | 82.00 | NOTE | |
r-patched-linux-x86_64 | 1.2.0 | 3.54 | 43.51 | 47.05 | NOTE | |
r-release-linux-x86_64 | 1.2.0 | 2.94 | 43.83 | 46.77 | NOTE | |
r-release-macos-arm64 | 1.2.0 | 37.00 | NOTE | |||
r-release-macos-x86_64 | 1.2.0 | 55.00 | OK | |||
r-release-windows-x86_64 | 1.2.0 | 6.00 | 70.00 | 76.00 | NOTE | |
r-oldrel-macos-arm64 | 1.2.0 | 42.00 | OK | |||
r-oldrel-macos-x86_64 | 1.2.0 | 62.00 | OK | |||
r-oldrel-windows-x86_64 | 1.2.0 | 7.00 | 86.00 | 93.00 | OK |
Version: 1.2.0
Check: DESCRIPTION meta-information
Result: NOTE
Missing dependency on R >= 4.1.0 because package code uses the pipe
|> or function shorthand \(...) syntax added in R 4.1.0.
File(s) using such syntax:
‘define_extended_question.Rd’ ‘define_question.Rd’
‘define_questions_from_csv.Rd’ ‘define_questions_from_data_frame.Rd’
‘define_questions_from_excel.Rd’ ‘generate_xml.Rd’
‘generate_xml_file.Rd’
Flavors: r-devel-linux-x86_64-debian-clang, r-devel-linux-x86_64-debian-gcc, r-devel-linux-x86_64-fedora-clang, r-devel-linux-x86_64-fedora-gcc, r-devel-windows-x86_64, r-patched-linux-x86_64, r-release-linux-x86_64, r-release-macos-arm64, r-release-windows-x86_64