Last updated on 2025-07-26 08:49:27 CEST.
Flavor | Version | Tinstall | Tcheck | Ttotal | Status | Flags |
---|---|---|---|---|---|---|
r-devel-linux-x86_64-debian-clang | 0.7.0 | 10.48 | 107.12 | 117.60 | NOTE | |
r-devel-linux-x86_64-debian-gcc | 0.7.0 | 6.64 | 74.90 | 81.54 | NOTE | |
r-devel-linux-x86_64-fedora-clang | 0.7.0 | 178.08 | NOTE | |||
r-devel-linux-x86_64-fedora-gcc | 0.7.0 | 189.13 | NOTE | |||
r-devel-windows-x86_64 | 0.7.0 | 13.00 | 125.00 | 138.00 | NOTE | |
r-patched-linux-x86_64 | 0.7.0 | 9.74 | 99.29 | 109.03 | NOTE | |
r-release-linux-x86_64 | 0.7.0 | 9.31 | 101.07 | 110.38 | NOTE | |
r-release-macos-arm64 | 0.7.0 | 70.00 | NOTE | |||
r-release-macos-x86_64 | 0.7.0 | 112.00 | NOTE | |||
r-release-windows-x86_64 | 0.7.0 | 13.00 | 114.00 | 127.00 | NOTE | |
r-oldrel-macos-arm64 | 0.7.0 | 58.00 | OK | |||
r-oldrel-macos-x86_64 | 0.7.0 | 104.00 | OK | |||
r-oldrel-windows-x86_64 | 0.7.0 | 17.00 | 145.00 | 162.00 | OK |
Version: 0.7.0
Check: DESCRIPTION meta-information
Result: NOTE
Missing dependency on R >= 4.1.0 because package code uses the pipe
|> or function shorthand \(...) syntax added in R 4.1.0.
File(s) using such syntax:
‘pop_sd.Rd’ ‘tidy_summary.R’
Flavors: r-devel-linux-x86_64-debian-clang, r-devel-linux-x86_64-debian-gcc, r-devel-linux-x86_64-fedora-clang, r-devel-linux-x86_64-fedora-gcc, r-devel-windows-x86_64, r-patched-linux-x86_64, r-release-linux-x86_64, r-release-macos-arm64, r-release-windows-x86_64
Version: 0.7.0
Check: DESCRIPTION meta-information
Result: NOTE
Missing dependency on R >= 4.1.0 because package code uses the pipe
|> or function shorthand \(...) syntax added in R 4.1.0.
File(s) using such syntax:
‘tidy_summary.R’
Flavor: r-release-macos-x86_64