Last updated on 2025-07-27 20:50:03 CEST.
Flavor | Version | Tinstall | Tcheck | Ttotal | Status | Flags |
---|---|---|---|---|---|---|
r-devel-linux-x86_64-debian-clang | 4.2.0 | 15.55 | 85.40 | 100.95 | NOTE | |
r-devel-linux-x86_64-debian-gcc | 4.2.0 | 10.49 | 56.40 | 66.89 | NOTE | |
r-devel-linux-x86_64-fedora-clang | 4.2.0 | 156.53 | NOTE | |||
r-devel-linux-x86_64-fedora-gcc | 4.2.0 | 157.32 | NOTE | |||
r-devel-windows-x86_64 | 4.2.0 | 16.00 | 101.00 | 117.00 | NOTE | |
r-patched-linux-x86_64 | 4.2.0 | 15.22 | 78.44 | 93.66 | NOTE | |
r-release-linux-x86_64 | 4.2.0 | 12.76 | 78.16 | 90.92 | NOTE | |
r-release-macos-arm64 | 4.2.0 | 40.00 | NOTE | |||
r-release-macos-x86_64 | 4.2.0 | 78.00 | NOTE | |||
r-release-windows-x86_64 | 4.2.0 | 15.00 | 91.00 | 106.00 | NOTE | |
r-oldrel-macos-arm64 | 4.2.0 | 38.00 | NOTE | |||
r-oldrel-macos-x86_64 | 4.2.0 | 65.00 | NOTE | |||
r-oldrel-windows-x86_64 | 4.2.0 | 21.00 | 119.00 | 140.00 | NOTE |
Version: 4.2.0
Check: Rd files
Result: NOTE
checkRd: (-1) simpopmlx.Rd:21: Lost braces; missing escapes or markup?
21 | \item{fim}{the Fisher Information Matrix estimated by Monolix. fim={"sa", "lin"} (default="sa")}
| ^
Flavors: r-devel-linux-x86_64-debian-clang, r-devel-linux-x86_64-debian-gcc, r-devel-linux-x86_64-fedora-clang, r-devel-linux-x86_64-fedora-gcc, r-devel-windows-x86_64, r-patched-linux-x86_64, r-release-linux-x86_64, r-release-macos-arm64, r-release-macos-x86_64, r-release-windows-x86_64, r-oldrel-macos-arm64, r-oldrel-macos-x86_64, r-oldrel-windows-x86_64