CRAN Package Check Results for Package mlquantify

Last updated on 2025-07-25 20:49:34 CEST.

Flavor Version Tinstall Tcheck Ttotal Status Flags
r-devel-linux-x86_64-debian-clang 0.2.0 2.52 37.57 40.09 OK
r-devel-linux-x86_64-debian-gcc 0.2.0 1.86 28.71 30.57 OK
r-devel-linux-x86_64-fedora-clang 0.2.0 59.64 NOTE
r-devel-linux-x86_64-fedora-gcc 0.2.0 58.76 NOTE
r-devel-windows-x86_64 0.2.0 5.00 66.00 71.00 OK
r-patched-linux-x86_64 0.2.0 2.79 33.40 36.19 OK
r-release-linux-x86_64 0.2.0 2.47 33.86 36.33 OK
r-release-macos-arm64 0.2.0 26.00 OK
r-release-macos-x86_64 0.2.0 38.00 OK
r-release-windows-x86_64 0.2.0 4.00 63.00 67.00 OK
r-oldrel-macos-arm64 0.2.0 26.00 OK
r-oldrel-macos-x86_64 0.2.0 39.00 OK
r-oldrel-windows-x86_64 0.2.0 5.00 73.00 78.00 OK

Check Details

Version: 0.2.0
Check: dependencies in R code
Result: NOTE Namespaces in Imports field not imported from: ‘caret’ ‘randomForest’ All declared Imports should be used. Flavors: r-devel-linux-x86_64-fedora-clang, r-devel-linux-x86_64-fedora-gcc