Last updated on 2025-07-27 08:48:33 CEST.
Flavor | Version | Tinstall | Tcheck | Ttotal | Status | Flags |
---|---|---|---|---|---|---|
r-devel-linux-x86_64-debian-clang | 1.0-4 | 4.06 | 24.44 | 28.50 | NOTE | |
r-devel-linux-x86_64-debian-gcc | 1.0-4 | 3.11 | 20.16 | 23.27 | NOTE | |
r-devel-linux-x86_64-fedora-clang | 1.0-4 | 43.40 | OK | |||
r-devel-linux-x86_64-fedora-gcc | 1.0-4 | 44.10 | OK | |||
r-devel-windows-x86_64 | 1.0-4 | 8.00 | 64.00 | 72.00 | OK | |
r-patched-linux-x86_64 | 1.0-4 | 4.24 | 23.47 | 27.71 | OK | |
r-release-linux-x86_64 | 1.0-4 | 4.29 | 23.93 | 28.22 | OK | |
r-release-macos-arm64 | 1.0-4 | 20.00 | OK | |||
r-release-macos-x86_64 | 1.0-4 | 45.00 | OK | |||
r-release-windows-x86_64 | 1.0-4 | 8.00 | 54.00 | 62.00 | OK | |
r-oldrel-macos-arm64 | 1.0-4 | 19.00 | OK | |||
r-oldrel-macos-x86_64 | 1.0-4 | 38.00 | OK | |||
r-oldrel-windows-x86_64 | 1.0-4 | 9.00 | 60.00 | 69.00 | OK |
Version: 1.0-4
Check: CRAN incoming feasibility
Result: NOTE
Maintainer: ‘Georgios Papageorgiou <gpapageo@gmail.com>’
Package CITATION file contains call(s) to old-style personList() or
as.personList(). Please use c() on person objects instead.
Package CITATION file contains call(s) to old-style citEntry(). Please
use bibentry() instead.
Flavors: r-devel-linux-x86_64-debian-clang, r-devel-linux-x86_64-debian-gcc