Last updated on 2025-07-27 08:48:33 CEST.
Flavor | Version | Tinstall | Tcheck | Ttotal | Status | Flags |
---|---|---|---|---|---|---|
r-devel-linux-x86_64-debian-clang | 0.3.5 | 9.66 | 57.19 | 66.85 | NOTE | |
r-devel-linux-x86_64-debian-gcc | 0.3.5 | 6.85 | 43.78 | 50.63 | NOTE | |
r-devel-linux-x86_64-fedora-clang | 0.3.5 | 100.90 | OK | |||
r-devel-linux-x86_64-fedora-gcc | 0.3.5 | 101.39 | OK | |||
r-devel-windows-x86_64 | 0.3.5 | 12.00 | 79.00 | 91.00 | NOTE | |
r-patched-linux-x86_64 | 0.3.5 | 7.81 | 55.13 | 62.94 | NOTE | |
r-release-linux-x86_64 | 0.3.5 | 8.21 | 56.17 | 64.38 | NOTE | |
r-release-macos-arm64 | 0.3.5 | 46.00 | OK | |||
r-release-macos-x86_64 | 0.3.5 | 67.00 | OK | |||
r-release-windows-x86_64 | 0.3.5 | 12.00 | 72.00 | 84.00 | NOTE | |
r-oldrel-macos-arm64 | 0.3.5 | 38.00 | OK | |||
r-oldrel-macos-x86_64 | 0.3.5 | 53.00 | OK | |||
r-oldrel-windows-x86_64 | 0.3.5 | 15.00 | 88.00 | 103.00 | OK |
Version: 0.3.5
Check: CRAN incoming feasibility
Result: NOTE
Maintainer: ‘Stephan Dlugosz <stephan.dlugosz@googlemail.com>’
No Authors@R field in DESCRIPTION.
Please add one, modifying
Authors@R: person(given = "Stephan",
family = "Dlugosz",
role = c("aut", "cre"),
email = "stephan.dlugosz@googlemail.com")
as necessary.
Flavors: r-devel-linux-x86_64-debian-clang, r-devel-linux-x86_64-debian-gcc
Version: 0.3.5
Check: Rd cross-references
Result: NOTE
Found the following Rd file(s) with Rd \link{} targets missing package
anchors:
misclassGLM.Rd: ucminf
misclassMlogit.Rd: ucminf
Please provide package anchors for all Rd \link{} targets not in the
package itself and the base packages.
Flavors: r-devel-linux-x86_64-debian-clang, r-devel-linux-x86_64-debian-gcc, r-devel-windows-x86_64, r-patched-linux-x86_64, r-release-linux-x86_64, r-release-windows-x86_64