Last updated on 2025-07-27 08:48:33 CEST.
Flavor | Version | Tinstall | Tcheck | Ttotal | Status | Flags |
---|---|---|---|---|---|---|
r-devel-linux-x86_64-debian-clang | 7.3-1 | 6.67 | 123.38 | 130.05 | NOTE | |
r-devel-linux-x86_64-debian-gcc | 7.3-1 | 4.26 | 91.31 | 95.57 | NOTE | |
r-devel-linux-x86_64-fedora-clang | 7.3-1 | 193.72 | OK | |||
r-devel-linux-x86_64-fedora-gcc | 7.3-1 | 199.53 | OK | |||
r-devel-windows-x86_64 | 7.3-1 | 9.00 | 129.00 | 138.00 | OK | |
r-patched-linux-x86_64 | 7.3-1 | 7.43 | 117.87 | 125.30 | NOTE | |
r-release-linux-x86_64 | 7.3-1 | 6.63 | 117.59 | 124.22 | NOTE | |
r-release-macos-arm64 | 7.3-1 | 78.00 | OK | |||
r-release-macos-x86_64 | 7.3-1 | 131.00 | OK | |||
r-release-windows-x86_64 | 7.3-1 | 8.00 | 127.00 | 135.00 | OK | |
r-oldrel-macos-arm64 | 7.3-1 | 62.00 | OK | |||
r-oldrel-macos-x86_64 | 7.3-1 | 90.00 | OK | |||
r-oldrel-windows-x86_64 | 7.3-1 | 11.00 | 163.00 | 174.00 | OK |
Version: 7.3-1
Check: for unstated dependencies in ‘demo’
Result: NOTE
'library' or 'require' call not declared from: ‘tibble’
Flavors: r-devel-linux-x86_64-debian-clang, r-devel-linux-x86_64-debian-gcc, r-patched-linux-x86_64, r-release-linux-x86_64