Last updated on 2025-07-27 08:48:33 CEST.
Flavor | Version | Tinstall | Tcheck | Ttotal | Status | Flags |
---|---|---|---|---|---|---|
r-devel-linux-x86_64-debian-clang | 1.1.4 | 59.06 | 301.30 | 360.36 | NOTE | |
r-devel-linux-x86_64-debian-gcc | 1.1.4 | 37.03 | 191.91 | 228.94 | NOTE | |
r-devel-linux-x86_64-fedora-clang | 1.1.4 | 600.90 | NOTE | |||
r-devel-linux-x86_64-fedora-gcc | 1.1.4 | 575.29 | NOTE | |||
r-devel-windows-x86_64 | 1.1.4 | 61.00 | 277.00 | 338.00 | NOTE | |
r-patched-linux-x86_64 | 1.1.4 | 52.32 | 288.77 | 341.09 | NOTE | |
r-release-linux-x86_64 | 1.1.4 | 51.27 | 288.61 | 339.88 | NOTE | |
r-release-macos-arm64 | 1.1.4 | 151.00 | NOTE | |||
r-release-macos-x86_64 | 1.1.4 | 267.00 | NOTE | |||
r-release-windows-x86_64 | 1.1.4 | 60.00 | 262.00 | 322.00 | NOTE | |
r-oldrel-macos-arm64 | 1.1.4 | 131.00 | OK | |||
r-oldrel-macos-x86_64 | 1.1.4 | 206.00 | OK | |||
r-oldrel-windows-x86_64 | 1.1.4 | 77.00 | 356.00 | 433.00 | OK |
Version: 1.1.4
Check: DESCRIPTION meta-information
Result: NOTE
Missing dependency on R >= 4.1.0 because package code uses the pipe
|> or function shorthand \(...) syntax added in R 4.1.0.
File(s) using such syntax:
‘metaRangePriorityQueue.Rd’ ‘metaRangeProcess.Rd’
Flavors: r-devel-linux-x86_64-debian-clang, r-devel-linux-x86_64-debian-gcc, r-devel-linux-x86_64-fedora-clang, r-devel-linux-x86_64-fedora-gcc, r-devel-windows-x86_64, r-patched-linux-x86_64, r-release-linux-x86_64, r-release-macos-arm64, r-release-macos-x86_64, r-release-windows-x86_64