Last updated on 2025-07-25 20:49:33 CEST.
Flavor | Version | Tinstall | Tcheck | Ttotal | Status | Flags |
---|---|---|---|---|---|---|
r-devel-linux-x86_64-debian-clang | 0.1.0 | 3.88 | 35.79 | 39.67 | OK | |
r-devel-linux-x86_64-debian-gcc | 0.1.0 | 2.73 | 27.81 | 30.54 | OK | |
r-devel-linux-x86_64-fedora-clang | 0.1.0 | 61.35 | OK | |||
r-devel-linux-x86_64-fedora-gcc | 0.1.0 | 57.41 | OK | |||
r-devel-windows-x86_64 | 0.1.0 | 5.00 | 60.00 | 65.00 | OK | |
r-patched-linux-x86_64 | 0.1.0 | 3.57 | 32.66 | 36.23 | OK | |
r-release-linux-x86_64 | 0.1.0 | 3.74 | 32.55 | 36.29 | OK | |
r-release-macos-arm64 | 0.1.0 | 33.00 | OK | |||
r-release-macos-x86_64 | 0.1.0 | 39.00 | OK | |||
r-release-windows-x86_64 | 0.1.0 | 7.00 | 55.00 | 62.00 | OK | |
r-oldrel-macos-arm64 | 0.1.0 | 21.00 | NOTE | |||
r-oldrel-macos-x86_64 | 0.1.0 | 48.00 | NOTE | |||
r-oldrel-windows-x86_64 | 0.1.0 | 8.00 | 60.00 | 68.00 | NOTE |
Version: 0.1.0
Check: LazyData
Result: NOTE
'LazyData' is specified without a 'data' directory
Flavors: r-oldrel-macos-arm64, r-oldrel-macos-x86_64, r-oldrel-windows-x86_64