CRAN Package Check Results for Package mdscore

Last updated on 2025-07-27 08:48:33 CEST.

Flavor Version Tinstall Tcheck Ttotal Status Flags
r-devel-linux-x86_64-debian-clang 0.1-3 2.08 22.27 24.35 NOTE
r-devel-linux-x86_64-debian-gcc 0.1-3 1.59 19.20 20.79 NOTE
r-devel-linux-x86_64-fedora-clang 0.1-3 38.75 OK
r-devel-linux-x86_64-fedora-gcc 0.1-3 37.33 OK
r-devel-windows-x86_64 0.1-3 3.00 55.00 58.00 OK
r-patched-linux-x86_64 0.1-3 1.89 21.06 22.95 OK
r-release-linux-x86_64 0.1-3 2.10 21.20 23.30 OK
r-release-macos-arm64 0.1-3 22.00 OK
r-release-macos-x86_64 0.1-3 28.00 OK
r-release-windows-x86_64 0.1-3 3.00 49.00 52.00 OK
r-oldrel-macos-arm64 0.1-3 16.00 OK
r-oldrel-macos-x86_64 0.1-3 25.00 OK
r-oldrel-windows-x86_64 0.1-3 3.00 52.00 55.00 OK

Check Details

Version: 0.1-3
Check: CRAN incoming feasibility
Result: NOTE Maintainer: ‘Antonio Hermes M. da Silva-Junior <hermes@ccet.ufrn.br>’ Package CITATION file contains call(s) to old-style citEntry(). Please use bibentry() instead. Flavors: r-devel-linux-x86_64-debian-clang, r-devel-linux-x86_64-debian-gcc