Last updated on 2025-07-24 20:49:30 CEST.
Flavor | Version | Tinstall | Tcheck | Ttotal | Status | Flags |
---|---|---|---|---|---|---|
r-devel-linux-x86_64-debian-clang | 1.9-22 | 55.47 | 120.89 | 176.36 | NOTE | |
r-devel-linux-x86_64-debian-gcc | 1.9-22 | 38.43 | 84.59 | 123.02 | NOTE | |
r-devel-linux-x86_64-fedora-clang | 1.9-22 | 317.33 | OK | |||
r-devel-linux-x86_64-fedora-gcc | 1.9-22 | 285.41 | OK | |||
r-devel-windows-x86_64 | 1.9-22 | 66.00 | 130.00 | 196.00 | OK | |
r-patched-linux-x86_64 | 1.9-22 | 53.52 | 109.34 | 162.86 | OK | |
r-release-linux-x86_64 | 1.9-22 | 52.83 | 110.07 | 162.90 | OK | |
r-release-macos-arm64 | 1.9-22 | 65.00 | OK | |||
r-release-macos-x86_64 | 1.9-22 | 138.00 | OK | |||
r-release-windows-x86_64 | 1.9-22 | 63.00 | 130.00 | 193.00 | OK | |
r-oldrel-macos-arm64 | 1.9-22 | 77.00 | OK | |||
r-oldrel-macos-x86_64 | 1.9-22 | 143.00 | OK | |||
r-oldrel-windows-x86_64 | 1.9-22 | 78.00 | 166.00 | 244.00 | OK |
Version: 1.9-22
Check: CRAN incoming feasibility
Result: NOTE
Maintainer: ‘Alexander Robitzsch <robitzsch@ipn.uni-kiel.de>’
No Authors@R field in DESCRIPTION.
Please add one, modifying
Authors@R: c(person(given = "Alexander",
family = "Robitzsch",
role = c("aut", "cre"),
email = "robitzsch@ipn.uni-kiel.de"),
person(given = "Oliver",
family = "Luedtke",
role = "aut"))
as necessary.
Flavors: r-devel-linux-x86_64-debian-clang, r-devel-linux-x86_64-debian-gcc